{"id":15459,"date":"2019-10-03T10:44:09","date_gmt":"2019-10-03T10:44:09","guid":{"rendered":"http:\/\/ikizlerkombiservisi.com\/?page_id=15459"},"modified":"2020-09-18T22:07:03","modified_gmt":"2020-09-18T22:07:03","slug":"iletisim","status":"publish","type":"page","link":"https:\/\/ikizlerkombiservisi.com\/index.php\/iletisim\/","title":{"rendered":"\u0130leti\u015fim"},"content":{"rendered":"<p>[vc_row][vc_column width=&#8221;1\/2&#8243;][vc_column_text]<\/p>\n<h1><span style=\"color: #339966;\">\u0130kizler Kombi Servisi Ankara<\/span><\/h1>\n<h3><span style=\"color: #339966;\"><strong>Bizimle ileti\u015fime ge\u00e7in<\/strong><\/span><\/h3>\n<p>[\/vc_column_text][vc_zigzag color=&#8221;white&#8221; el_width=&#8221;10&#8243;][vc_column_text]<i class=\"fa fa-map-marker\"><\/i> Cevizlidere cd 131 a Balgat Ankara<\/p>\n<p><i class=\"fa-icon-phone\"><\/i>Sabit :. <a href=\"tel:\/\/+903124769033\">+90 312 476 9 033<\/a><\/p>\n<p><i class=\"fa-icon-phone\"><\/i>Mobil:. <a href=\"tel:\/\/+905414769033\">+90 541 476 9 033<\/a><\/p>\n<p><i class=\"fa fa-envelope\"><\/i> info@ikizlerkombiservisi.com<\/p>\n<p><i class=\"fa fa-clock-o\"><\/i> Hafta i\u00e7i &#8211; Sat: 08:30 &#8211; 18:30<\/p>\n<p><i class=\"fa fa-clock-o\"><\/i> Cumartesi &#8211; Sat: 08:30 &#8211; 15:30[\/vc_column_text][\/vc_column][vc_column width=&#8221;1\/2&#8243;][vc_gmaps link=&#8221;#E-8_JTNDaWZyYW1lJTIwc3JjJTNEJTIyaHR0cHMlM0ElMkYlMkZ3d3cuZ29vZ2xlLmNvbSUyRm1hcHMlMkZlbWJlZCUzRnBiJTNEJTIxMW0xOCUyMTFtMTIlMjExbTMlMjExZDMxMjUuOTUzNzg1NzU5NDQ2NCUyMTJkMzIuODE2ODkxNzY1NDIzODElMjEzZDM5Ljg3MDY4MDQ3OTQzMjM2NiUyMTJtMyUyMTFmMCUyMTJmMCUyMTNmMCUyMTNtMiUyMTFpMTAyNCUyMTJpNzY4JTIxNGYxMy4xJTIxM20zJTIxMW0yJTIxMXMweDE0ZDM0NWVmM2MxOGY4MjclMjUzQTB4NjU3ZjE0MDZjN2I3MzA0JTIxMnMlMjVDNCUyNUIwa2l6bGVyJTI1MjBLb21iaSUyNTIwU2VydmlzaSUyMTVlMSUyMTNtMiUyMTFzdHIlMjEyc3RyJTIxNHYxNTcwMjE3ODc0ODY3JTIxNW0yJTIxMXN0ciUyMTJzdHIlMjIlMjB3aWR0aCUzRCUyMjYwMCUyMiUyMGhlaWdodCUzRCUyMjQ1MCUyMiUyMGZyYW1lYm9yZGVyJTNEJTIyMCUyMiUyMHN0eWxlJTNEJTIyYm9yZGVyJTNBMCUzQiUyMiUyMGFsbG93ZnVsbHNjcmVlbiUzRCUyMiUyMiUzRSUzQyUyRmlmcmFtZSUzRQ==&#8221;][vc_zigzag color=&#8221;white&#8221; el_width=&#8221;10&#8243;][\/vc_column][\/vc_row][vc_row][vc_column][vc_zigzag color=&#8221;white&#8221; el_width=&#8221;10&#8243;][\/vc_column][\/vc_row][vc_row][vc_column][\/vc_column][\/vc_row]<\/p>\n ","protected":false},"excerpt":{"rendered":"<p>[vc_row][vc_column width=&#8221;1\/2&#8243;][vc_column_text] \u0130kizler Kombi Servisi Ankara Bizimle ileti\u015fime ge\u00e7in [\/vc_column_text][vc_zigzag color=&#8221;white&#8221; el_width=&#8221;10&#8243;][vc_column_text] Cevizlidere cd 131 a Balgat Ankara Sabit :. +90 312 476 9 033 Mobil:. +90 541 476 9 033 info@ikizlerkombiservisi.com Hafta i\u00e7i &#8211; Sat: 08:30 &#8211; 18:30 Cumartesi &#8211; Sat: 08:30 &#8211; 15:30[\/vc_column_text][\/vc_column][vc_column width=&#8221;1\/2&#8243;][vc_gmaps link=&#8221;#E-8_JTNDaWZyYW1lJTIwc3JjJTNEJTIyaHR0cHMlM0ElMkYlMkZ3d3cuZ29vZ2xlLmNvbSUyRm1hcHMlMkZlbWJlZCUzRnBiJTNEJTIxMW0xOCUyMTFtMTIlMjExbTMlMjExZDMxMjUuOTUzNzg1NzU5NDQ2NCUyMTJkMzIuODE2ODkxNzY1NDIzODElMjEzZDM5Ljg3MDY4MDQ3OTQzMjM2NiUyMTJtMyUyMTFmMCUyMTJmMCUyMTNmMCUyMTNtMiUyMTFpMTAyNCUyMTJpNzY4JTIxNGYxMy4xJTIxM20zJTIxMW0yJTIxMXMweDE0ZDM0NWVmM2MxOGY4MjclMjUzQTB4NjU3ZjE0MDZjN2I3MzA0JTIxMnMlMjVDNCUyNUIwa2l6bGVyJTI1MjBLb21iaSUyNTIwU2VydmlzaSUyMTVlMSUyMTNtMiUyMTFzdHIlMjEyc3RyJTIxNHYxNTcwMjE3ODc0ODY3JTIxNW0yJTIxMXN0ciUyMTJzdHIlMjIlMjB3aWR0aCUzRCUyMjYwMCUyMiUyMGhlaWdodCUzRCUyMjQ1MCUyMiUyMGZyYW1lYm9yZGVyJTNEJTIyMCUyMiUyMHN0eWxlJTNEJTIyYm9yZGVyJTNBMCUzQiUyMiUyMGFsbG93ZnVsbHNjcmVlbiUzRCUyMiUyMiUzRSUzQyUyRmlmcmFtZSUzRQ==&#8221;][vc_zigzag color=&#8221;white&#8221; el_width=&#8221;10&#8243;][\/vc_column][\/vc_row][vc_row][vc_column][vc_zigzag color=&#8221;white&#8221; el_width=&#8221;10&#8243;][\/vc_column][\/vc_row][vc_row][vc_column][\/vc_column][\/vc_row]<\/p>\n","protected":false},"author":1,"featured_media":0,"parent":0,"menu_order":0,"comment_status":"closed","ping_status":"closed","template":"","meta":{"om_disable_all_campaigns":false,"_monsterinsights_skip_tracking":false,"_monsterinsights_sitenote_active":false,"_monsterinsights_sitenote_note":"","_monsterinsights_sitenote_category":0,"footnotes":""},"class_list":["post-15459","page","type-page","status-publish","hentry"],"aioseo_notices":[],"_links":{"self":[{"href":"https:\/\/ikizlerkombiservisi.com\/index.php\/wp-json\/wp\/v2\/pages\/15459"}],"collection":[{"href":"https:\/\/ikizlerkombiservisi.com\/index.php\/wp-json\/wp\/v2\/pages"}],"about":[{"href":"https:\/\/ikizlerkombiservisi.com\/index.php\/wp-json\/wp\/v2\/types\/page"}],"author":[{"embeddable":true,"href":"https:\/\/ikizlerkombiservisi.com\/index.php\/wp-json\/wp\/v2\/users\/1"}],"replies":[{"embeddable":true,"href":"https:\/\/ikizlerkombiservisi.com\/index.php\/wp-json\/wp\/v2\/comments?post=15459"}],"version-history":[{"count":14,"href":"https:\/\/ikizlerkombiservisi.com\/index.php\/wp-json\/wp\/v2\/pages\/15459\/revisions"}],"predecessor-version":[{"id":15927,"href":"https:\/\/ikizlerkombiservisi.com\/index.php\/wp-json\/wp\/v2\/pages\/15459\/revisions\/15927"}],"wp:attachment":[{"href":"https:\/\/ikizlerkombiservisi.com\/index.php\/wp-json\/wp\/v2\/media?parent=15459"}],"curies":[{"name":"wp","href":"https:\/\/api.w.org\/{rel}","templated":true}]}}