{"id":15441,"date":"2019-10-03T10:39:43","date_gmt":"2019-10-03T10:39:43","guid":{"rendered":"http:\/\/ikizlerkombiservisi.com\/?page_id=15441"},"modified":"2020-09-18T22:27:54","modified_gmt":"2020-09-18T22:27:54","slug":"petek-temizleme","status":"publish","type":"page","link":"https:\/\/ikizlerkombiservisi.com\/index.php\/petek-temizleme\/","title":{"rendered":"Petek Temizleme"},"content":{"rendered":"<p>[vc_row][vc_column width=&#8221;1\/2&#8243;][\/vc_column][vc_column width=&#8221;1\/2&#8243;][vc_column_text]<\/p>\n<h1 class=\"mt-0 text-theme-colored\"><span style=\"color: #339966;\"><strong><span class=\"text-theme-color-2\">Profesyonel Petek Bak\u0131m\u0131<\/span><\/strong><\/span><\/h1>\n<p>[\/vc_column_text][\/vc_column][\/vc_row][vc_row][vc_column width=&#8221;1\/2&#8243;][vc_column_text]<img fetchpriority=\"high\" decoding=\"async\" class=\"alignnone wp-image-15736\" src=\"https:\/\/ikizlerkombiservisi.com\/wp-content\/uploads\/2019\/10\/ikizler-petek-300x173.png\" alt=\"\" width=\"413\" height=\"238\" srcset=\"https:\/\/ikizlerkombiservisi.com\/wp-content\/uploads\/2019\/10\/ikizler-petek-300x173.png 300w, https:\/\/ikizlerkombiservisi.com\/wp-content\/uploads\/2019\/10\/ikizler-petek-768x443.png 768w, https:\/\/ikizlerkombiservisi.com\/wp-content\/uploads\/2019\/10\/ikizler-petek-1024x591.png 1024w, https:\/\/ikizlerkombiservisi.com\/wp-content\/uploads\/2019\/10\/ikizler-petek-600x346.png 600w, https:\/\/ikizlerkombiservisi.com\/wp-content\/uploads\/2019\/10\/ikizler-petek.png 1066w\" sizes=\"(max-width: 413px) 100vw, 413px\" \/>[\/vc_column_text][\/vc_column][vc_column width=&#8221;1\/2&#8243;][vc_column_text]<\/p>\n<div class=\"wpb_text_column wpb_content_element \">\n<div class=\"wpb_wrapper\">\n<h1 class=\"mt-0 text-theme-colored\"><em style=\"font-size: 16px;\">Zaman\u0131nda yap\u0131lan her petek ve kombi bak\u0131m\u0131, daha iyi \u0131s\u0131nman\u0131z\u0131 sa\u011flar ve tesisat\u0131n\u0131z\u0131n \u00f6mr\u00fcn\u00fc uzat\u0131r.<\/em><\/h1>\n<\/div>\n<\/div>\n<div class=\"wpb_text_column wpb_content_element \">\n<div class=\"wpb_wrapper\">\n<p><span style=\"color: #808080;\">K\u0131\u015f aylar\u0131n\u0131n\u0131n en so\u011fuk zamanlar\u0131nda radyat\u00f6rlerde kar\u015f\u0131la\u015f\u0131lan en b\u00fcy\u00fck problemler peteklerin belirli bir k\u0131sm\u0131n\u0131n \u0131s\u0131n\u0131p di\u011fer k\u0131s\u0131mlar\u0131n hissedilen s\u0131cakl\u0131\u011fa ula\u015famas\u0131d\u0131r.<\/span><\/p>\n<p><span style=\"color: #808080;\">Petekleriniz zaman i\u00e7inde s\u00fcrekli ayn\u0131 s\u0131v\u0131n\u0131n i\u00e7erisinde d\u00f6nmesiyle birlikte korozyon\u2019a maruz kalacakt\u0131r. Korozyon \u0131s\u0131nman\u0131z\u0131 engelleyece\u011fi gibi hem kombinizin verimli \u00e7al\u0131\u015fmas\u0131n\u0131 engelleyecek, hem de \u0131s\u0131 kayb\u0131na yol a\u00e7acakt\u0131r.<\/span><\/p>\n<p><span style=\"color: #808080;\">Zaman\u0131nda yap\u0131lan petek temizlikleriyle hem kombinizin hem de peteklerinizin \u00f6mr\u00fcn\u00fc uzat\u0131n. Evleriniz daha verimli \u0131s\u0131n\u0131rken korozyona ba\u011fl\u0131 olarak kombinizde \u00e7\u0131kabilecek ar\u0131zalar\u0131n \u00f6n\u00fcne ge\u00e7in.<\/span><\/p>\n<\/div>\n<\/div>\n<p>[\/vc_column_text][\/vc_column][\/vc_row][vc_row][vc_column][vc_zigzag el_width=&#8221;50&#8243;][\/vc_column][\/vc_row][vc_row][vc_column width=&#8221;1\/2&#8243;][vc_column_text][\/vc_column_text][vc_column_text]<\/p>\n<h1 class=\"mt-0\"><span style=\"color: #339966;\"><strong>Paran\u0131z Cebinizde Kals\u0131n<\/strong><\/span><\/h1>\n<p>[\/vc_column_text][vc_zigzag color=&#8221;white&#8221; el_width=&#8221;10&#8243;][vc_column_text]<\/p>\n<div class=\"wpb_text_column wpb_content_element \">\n<div class=\"wpb_wrapper\">\n<p class=\"mt-0\"><span style=\"font-size: 12pt; color: #808080;\">Kombinize ve peteklerinize zaman\u0131nda bak\u0131m yapt\u0131rarak enerji ve para tasarrufu sa\u011flars\u0131n\u0131z. Temizli\u011fi profesyonel firmalar taraf\u0131ndan itinayla yap\u0131lm\u0131\u015f olan kombi ve petek bak\u0131mlar\u0131 kullan\u0131c\u0131lara enerji ve para\u00a0tasarrufu sa\u011flamaktad\u0131r. Kombilerinizin i\u00e7 aksam\u0131 detayl\u0131 kontrol edilerek verimlili\u011fi artt\u0131r\u0131lacakt\u0131r.<\/span><\/p>\n<\/div>\n<\/div>\n<p>[\/vc_column_text][\/vc_column][vc_column width=&#8221;1\/2&#8243;][vc_column_text]<\/p>\n<h1 class=\"mt-0\"><span style=\"color: #339966;\">Daha &#8220;iyi&#8221; Is\u0131n\u0131n<\/span><\/h1>\n<p>[\/vc_column_text][vc_zigzag color=&#8221;white&#8221; el_width=&#8221;10&#8243;][vc_column_text]<\/p>\n<p class=\"text-gray-dimgray font-weight-400\"><span style=\"color: #808080;\"><span style=\"font-size: 12pt;\">Petek (Radyat\u00f6r) temizli\u011fi s\u0131ras\u0131nda teknisyenlerimiz peteklerinizin i\u00e7indeki zaman i\u00e7erisinde olu\u015fan t\u00fcm korozyonlar\u0131 g\u00fc\u00e7l\u00fc kimyasallar\u0131m\u0131z ile temizleyecektir. Tamamen saf su kalana kadar temizlenen peteklerinizin i\u00e7erisine peteklerinizin ya\u011flanmas\u0131n\u0131 ve daha iyi \u0131s\u0131nmas\u0131n\u0131 sa\u011flayan \u00f6zel s\u0131v\u0131lar eklenerek peteklerinizin daha iyi ve daha h\u0131zl\u0131 \u0131s\u0131nmas\u0131 sa\u011flan\u0131r.<\/span><\/span><\/p>\n<p>[\/vc_column_text][\/vc_column][\/vc_row][vc_row][vc_column][vc_zigzag color=&#8221;white&#8221; el_width=&#8221;10&#8243;][\/vc_column][\/vc_row][vc_row][vc_column][vc_single_image image=&#8221;15757&#8243; img_size=&#8221;1597&#215;273&#8243; alignment=&#8221;center&#8221; style=&#8221;vc_box_shadow_3d&#8221; onclick=&#8221;zoom&#8221;][\/vc_column][\/vc_row][vc_row][vc_column width=&#8221;1\/2&#8243;][vc_zigzag color=&#8221;white&#8221; el_width=&#8221;10&#8243;][vc_column_text]<\/p>\n<h2 class=\"mt-0\"><span style=\"color: #339966;\">Peteklerinizin \u00d6mr\u00fcn\u00fc Uzat\u0131n<\/span><\/h2>\n<p>[\/vc_column_text][vc_zigzag color=&#8221;white&#8221; el_width=&#8221;10&#8243;][vc_column_text]<\/p>\n<p class=\"text-gray-dimgray font-weight-400\"><span style=\"color: #808080;\">Temizlik i\u015flemi d\u00fczenli olarak yap\u0131lan petekler i\u00e7erisinde pasl\u0131 ve korozyon olu\u015fmu\u015f bir suyu d\u00f6nd\u00fcrmek yerine tamamen temizlenmi\u015f ve \u00f6zel s\u0131v\u0131lar eklenmi\u015f bir s\u0131v\u0131y\u0131 d\u00f6nd\u00fcrecektir. Bu i\u015flem peteklerinizin \u00f6mr\u00fcn\u00fc uzataca\u011f\u0131 gibi ayn\u0131 zamanda daha iyi \u0131s\u0131nman\u0131z\u0131 da sa\u011flayacakt\u0131r.<\/span><\/p>\n<p>[\/vc_column_text][vc_column_text]<i class=\"fa-icon-phone\"><\/i><span style=\"font-size: 14pt;\"><strong><span style=\"color: #ff0000;\">Bizi Aray\u0131n<\/span> <span style=\"color: #339966;\">Tel:\u00a0<\/span> <span style=\"color: #339966;\"><a style=\"color: #339966;\" href=\"tel:\/\/+903124769033\">+90 312 476 9 033<\/a> &#8211; Mobil : \u00a0<a style=\"color: #339966;\" href=\"tel:\/\/+905414769033\">+90 541 476 9 033<\/a><\/span><\/strong><\/span>[\/vc_column_text][\/vc_column][vc_column width=&#8221;1\/2&#8243;][vc_zigzag color=&#8221;white&#8221; el_width=&#8221;10&#8243;][vc_column_text]<img decoding=\"async\" class=\"alignnone wp-image-15779 aligncenter\" src=\"https:\/\/ikizlerkombiservisi.com\/wp-content\/uploads\/2019\/10\/petek-temizleme-istanbul-890x510-300x172.png\" alt=\"\" width=\"356\" height=\"204\" srcset=\"https:\/\/ikizlerkombiservisi.com\/wp-content\/uploads\/2019\/10\/petek-temizleme-istanbul-890x510-300x172.png 300w, https:\/\/ikizlerkombiservisi.com\/wp-content\/uploads\/2019\/10\/petek-temizleme-istanbul-890x510-768x440.png 768w, https:\/\/ikizlerkombiservisi.com\/wp-content\/uploads\/2019\/10\/petek-temizleme-istanbul-890x510-600x344.png 600w, https:\/\/ikizlerkombiservisi.com\/wp-content\/uploads\/2019\/10\/petek-temizleme-istanbul-890x510.png 890w\" sizes=\"(max-width: 356px) 100vw, 356px\" \/>[\/vc_column_text][\/vc_column][\/vc_row][vc_row][vc_column][vc_zigzag color=&#8221;white&#8221; el_width=&#8221;10&#8243;][\/vc_column][\/vc_row]<\/p>\n ","protected":false},"excerpt":{"rendered":"<p>[vc_row][vc_column width=&#8221;1\/2&#8243;][\/vc_column][vc_column width=&#8221;1\/2&#8243;][vc_column_text] Profesyonel Petek Bak\u0131m\u0131 [\/vc_column_text][\/vc_column][\/vc_row][vc_row][vc_column width=&#8221;1\/2&#8243;][vc_column_text][\/vc_column_text][\/vc_column][vc_column width=&#8221;1\/2&#8243;][vc_column_text] Zaman\u0131nda yap\u0131lan her petek ve kombi bak\u0131m\u0131, daha iyi \u0131s\u0131nman\u0131z\u0131 sa\u011flar ve tesisat\u0131n\u0131z\u0131n \u00f6mr\u00fcn\u00fc uzat\u0131r. K\u0131\u015f aylar\u0131n\u0131n\u0131n en so\u011fuk zamanlar\u0131nda radyat\u00f6rlerde kar\u015f\u0131la\u015f\u0131lan en b\u00fcy\u00fck problemler peteklerin belirli bir k\u0131sm\u0131n\u0131n \u0131s\u0131n\u0131p di\u011fer k\u0131s\u0131mlar\u0131n hissedilen s\u0131cakl\u0131\u011fa ula\u015famas\u0131d\u0131r. Petekleriniz zaman i\u00e7inde s\u00fcrekli ayn\u0131 s\u0131v\u0131n\u0131n i\u00e7erisinde d\u00f6nmesiyle birlikte korozyon\u2019a maruz [&hellip;]<\/p>\n","protected":false},"author":1,"featured_media":0,"parent":0,"menu_order":0,"comment_status":"closed","ping_status":"closed","template":"","meta":{"om_disable_all_campaigns":false,"_monsterinsights_skip_tracking":false,"_monsterinsights_sitenote_active":false,"_monsterinsights_sitenote_note":"","_monsterinsights_sitenote_category":0,"footnotes":""},"class_list":["post-15441","page","type-page","status-publish","hentry"],"aioseo_notices":[],"_links":{"self":[{"href":"https:\/\/ikizlerkombiservisi.com\/index.php\/wp-json\/wp\/v2\/pages\/15441"}],"collection":[{"href":"https:\/\/ikizlerkombiservisi.com\/index.php\/wp-json\/wp\/v2\/pages"}],"about":[{"href":"https:\/\/ikizlerkombiservisi.com\/index.php\/wp-json\/wp\/v2\/types\/page"}],"author":[{"embeddable":true,"href":"https:\/\/ikizlerkombiservisi.com\/index.php\/wp-json\/wp\/v2\/users\/1"}],"replies":[{"embeddable":true,"href":"https:\/\/ikizlerkombiservisi.com\/index.php\/wp-json\/wp\/v2\/comments?post=15441"}],"version-history":[{"count":58,"href":"https:\/\/ikizlerkombiservisi.com\/index.php\/wp-json\/wp\/v2\/pages\/15441\/revisions"}],"predecessor-version":[{"id":15941,"href":"https:\/\/ikizlerkombiservisi.com\/index.php\/wp-json\/wp\/v2\/pages\/15441\/revisions\/15941"}],"wp:attachment":[{"href":"https:\/\/ikizlerkombiservisi.com\/index.php\/wp-json\/wp\/v2\/media?parent=15441"}],"curies":[{"name":"wp","href":"https:\/\/api.w.org\/{rel}","templated":true}]}}