{"id":15433,"date":"2019-10-03T10:38:23","date_gmt":"2019-10-03T10:38:23","guid":{"rendered":"http:\/\/ikizlerkombiservisi.com\/?page_id=15433"},"modified":"2020-09-18T22:20:01","modified_gmt":"2020-09-18T22:20:01","slug":"misyonumuz","status":"publish","type":"page","link":"https:\/\/ikizlerkombiservisi.com\/index.php\/misyonumuz\/","title":{"rendered":"Misyonumuz"},"content":{"rendered":"<p>[vc_row][vc_column width=&#8221;1\/2&#8243;][vc_zigzag color=&#8221;white&#8221; el_width=&#8221;10&#8243;][vc_single_image image=&#8221;15856&#8243; img_size=&#8221;503&#215;301&#8243; alignment=&#8221;center&#8221;][\/vc_column][vc_column width=&#8221;1\/2&#8243;][vc_column_text]<\/p>\n<h1><span style=\"color: #339966;\">Misyonumuz<\/span><\/h1>\n<p>[\/vc_column_text][vc_zigzag color=&#8221;white&#8221; el_width=&#8221;10&#8243;][vc_column_text]<span style=\"font-size: 14pt;\">Is\u0131tma so\u011futma sistemleri pazar\u0131nda servis ve hizmetlerimizi s\u00fcrekli olarak geli\u015ftirerek, performans\u0131m\u0131zla en iyi olma hedefimize ula\u015f\u0131rken, insan\u0131, \u00e7evreyi korumak ve \u00fclke yarar\u0131n\u0131 \u00f6n planda tutmak.<\/span>[\/vc_column_text][\/vc_column][\/vc_row][vc_row][vc_column][vc_zigzag color=&#8221;white&#8221; el_width=&#8221;10&#8243;][\/vc_column][\/vc_row][vc_row][vc_column][\/vc_column][\/vc_row]<\/p>\n ","protected":false},"excerpt":{"rendered":"<p>[vc_row][vc_column width=&#8221;1\/2&#8243;][vc_zigzag color=&#8221;white&#8221; el_width=&#8221;10&#8243;][vc_single_image image=&#8221;15856&#8243; img_size=&#8221;503&#215;301&#8243; alignment=&#8221;center&#8221;][\/vc_column][vc_column width=&#8221;1\/2&#8243;][vc_column_text] Misyonumuz [\/vc_column_text][vc_zigzag color=&#8221;white&#8221; el_width=&#8221;10&#8243;][vc_column_text]Is\u0131tma so\u011futma sistemleri pazar\u0131nda servis ve hizmetlerimizi s\u00fcrekli olarak geli\u015ftirerek, performans\u0131m\u0131zla en iyi olma hedefimize ula\u015f\u0131rken, insan\u0131, \u00e7evreyi korumak ve \u00fclke yarar\u0131n\u0131 \u00f6n planda tutmak.[\/vc_column_text][\/vc_column][\/vc_row][vc_row][vc_column][vc_zigzag color=&#8221;white&#8221; el_width=&#8221;10&#8243;][\/vc_column][\/vc_row][vc_row][vc_column][\/vc_column][\/vc_row]<\/p>\n","protected":false},"author":1,"featured_media":0,"parent":0,"menu_order":0,"comment_status":"closed","ping_status":"closed","template":"","meta":{"om_disable_all_campaigns":false,"_monsterinsights_skip_tracking":false,"_monsterinsights_sitenote_active":false,"_monsterinsights_sitenote_note":"","_monsterinsights_sitenote_category":0,"footnotes":""},"class_list":["post-15433","page","type-page","status-publish","hentry"],"aioseo_notices":[],"_links":{"self":[{"href":"https:\/\/ikizlerkombiservisi.com\/index.php\/wp-json\/wp\/v2\/pages\/15433"}],"collection":[{"href":"https:\/\/ikizlerkombiservisi.com\/index.php\/wp-json\/wp\/v2\/pages"}],"about":[{"href":"https:\/\/ikizlerkombiservisi.com\/index.php\/wp-json\/wp\/v2\/types\/page"}],"author":[{"embeddable":true,"href":"https:\/\/ikizlerkombiservisi.com\/index.php\/wp-json\/wp\/v2\/users\/1"}],"replies":[{"embeddable":true,"href":"https:\/\/ikizlerkombiservisi.com\/index.php\/wp-json\/wp\/v2\/comments?post=15433"}],"version-history":[{"count":6,"href":"https:\/\/ikizlerkombiservisi.com\/index.php\/wp-json\/wp\/v2\/pages\/15433\/revisions"}],"predecessor-version":[{"id":15933,"href":"https:\/\/ikizlerkombiservisi.com\/index.php\/wp-json\/wp\/v2\/pages\/15433\/revisions\/15933"}],"wp:attachment":[{"href":"https:\/\/ikizlerkombiservisi.com\/index.php\/wp-json\/wp\/v2\/media?parent=15433"}],"curies":[{"name":"wp","href":"https:\/\/api.w.org\/{rel}","templated":true}]}}